 thousands digit of 174825?
1
What is the ten thousands digit of 11157803?
5
What is the units digit of 1768816?
6
What is the ten thousands digit of 2593461?
9
What is the tens digit of 8028808?
0
What is the ten thousands digit of 558081?
5
What is the tens digit of 16083?
8
What is the hundreds digit of 364497?
4
What is the hundred thousands digit of 269884?
2
What is the tens digit of 440591?
9
What is the hundred thousands digit of 525339?
5
What is the units digit of 7808537?
7
What is the hundred thousands digit of 225394?
2
What is the tens digit of 1656845?
4
What is the thousands digit of 533954?
3
What is the ten thousands digit of 2238970?
3
What is the ten thousands digit of 939248?
3
What is the ten thousands digit of 341844?
4
What is the hundreds digit of 446432?
4
What is the ten thousands digit of 8392727?
9
What is the hundreds digit of 238414?
4
What is the tens digit of 65018?
1
What is the ten thousands digit of 139043?
3
What is the ten thousands digit of 614853?
1
What is the ten thousands digit of 34465533?
6
What is the thousands digit of 639330?
9
What is the ten thousands digit of 1745541?
4
What is the ten thousands digit of 151595?
5
What is the tens digit of 5095882?
8
What is the millions digit of 2523105?
2
What is the ten millions digit of 13152161?
1
What is the millions digit of 3400617?
3
What is the ten millions digit of 14409147?
1
What is the thousands digit of 1447183?
7
What is the thousands digit of 559782?
9
What is the ten thousands digit of 227149?
2
What is the units digit of 2293591?
1
What is the millions digit of 2038702?
2
What is the ten millions digit of 10255338?
1
What is the thousands digit of 3461651?
1
What is the tens digit of 1230478?
7
What is the thousands digit of 256364?
6
What is the hundreds digit of 6710869?
8
What is the millions digit of 6352237?
6
What is the hundred thousands digit of 5742125?
7
What is the thousands digit of 411598?
1
What is the tens digit of 365955?
5
What is the ten thousands digit of 716394?
1
What is the units digit of 36381?
1
What is the millions digit of 2514287?
2
What is the hundred thousands digit of 1663030?
6
What is the thousands digit of 172800?
2
What is the hundreds digit of 353622?
6
What is the units digit of 7041682?
2
What is the units digit of 2409208?
8
What is the hundreds digit of 1011191?
1
What is the tens digit of 464259?
5
What is the thousands digit of 1944890?
4
What is the ten thousands digit of 307777?
0
What is the units digit of 1049258?
8
What is the hundred thousands digit of 783214?
7
What is the hundreds digit of 391148?
1
What is the tens digit of 5356605?
0
What is the hundreds digit of 13001229?
2
What is the hundreds digit of 1099173?
1
What is the thousands digit of 1287545?
7
What is the tens digit of 6490018?
1
What is the units digit of 23073?
3
What is the units digit of 2028988?
8
What is the hundreds digit of 3529?
5
What is the hundreds digit of 300348?
3
What is the tens digit of 309600?
0
What is the hundreds digit of 2267214?
2
What is the units digit of 9997177?
7
What is the tens digit of 17130736?
3
What is the tens digit of 1924161?
6
What is the ten thousands digit of 471676?
7
What is the millions digit of 1675496?
1
What is the tens digit of 34075?
7
What is the tens digit of 533029?
2
What is the thousands digit of 7773085?
3
What is the hundred thousands digit of 289285?
2
What is the tens digit of 155681?
8
What is the ten thousands digit of 478134?
7
What is the ten thousands digit of 23996?
2
What is the tens digit of 752300?
0
What is the thousands digit of 360036?
0
What is the thousands digit of 504344?
4
What is the millions digit of 1032387?
1
What is the ten thousands digit of 4245346?
4
What is the units digit of 989693?
3
What is the millions digit of 2751382?
2
What is the hundreds digit of 1274309?
3
What is the thousands digit of 2048338?
8
What is the units digit of 291205?
5
What is the ten thousands digit of 898443?
9
What is the millions digit of 33513105?
3
What is the hundreds digit of 97695?
6
What is the thousands digit of 2510294?
0
What is the hundreds digit of 3032339?
3
What is the hundreds digit of 3821192?
1
What is the ten thousands digit of 4602482?
0
What is the units digit of 195020?
0
What is the ten thousands digit of 469240?
6
What is the hundreds digit of 211298?
2
What is the hundreds digit of 4539934?
9
What is the hundred thousands digit of 295894?
2
What is the ten thousands digit of 109393?
0
What is the tens digit of 751619?
1
What is the tens digit of 402863?
6
What is the ten millions digit of 22289746?
2
What is the hundreds digit of 254841?
8
What is the thousands digit of 349999?
9
What is the hundred thousands digit of 3368384?
3
What is the ten thousands digit of 4681380?
8
What is the tens digit of 19472592?
9
What is the ten millions digit of 13429304?
1
What is the units digit of 750223?
3
What is the tens digit of 328300?
0
What is the tens digit of 102971?
7
What is the tens digit of 458761?
6
What is the units digit of 66514?
4
What is the hundreds digit of 6237916?
9
What is the hundreds digit of 108965?
9
What is the thousands digit of 573699?
3
What is the units digit of 191882?
2
What is the ten thousands digit of 694180?
9
What is the ten thousands digit of 1752813?
5
What is the hundreds digit of 839549?
5
What is the hundreds digit of 266852?
8
What is the hundreds digit of 1245570?
5
What is the hundred thousands digit of 9317387?
3
What is the tens digit of 410031?
3
What is the ten thousands digit of 6311166?
1
What is the ten millions digit of 25527548?
2
What is the ten thousands digit of 419550?
1
What is the hundred thousands digit of 252560?
2
What is the units digit of 211003?
3
What is the ten thousands digit of 4317537?
1
What is the hundred thousands digit of 929343?
9
What is the thousands digit of 3356718?
6
What is the tens digit of 6493405?
0
What is the tens digit of 52593?
9
What is the hundred thousands digit of 412544?
4
What is the tens digit of 12581513?
1
What is the hundred thousands digit of 120594?
1
What is the units digit of 206536?
6
What is the thousands digit of 1719810?
9
What is the ten thousands digit of 51492?
5
What is the tens digit of 2327652?
5
What is the thousands digit of 2142426?
2
What is the hundred thousands digit of 10830815?
8
What is the tens digit of 569524?
2
What is the ten thousands digit of 7036466?
3
What is the thousands digit of 2494558?
4
What is the tens digit of 126893?
9
What is the units digit of 795206?
6
What is the hundred thousands digit of 332407?
3
What is the hundreds digit of 2893319?
3
What is the ten thousands digit of 2057493?
5
What is the thousands digit of 1838354?
8
What is the hundreds digit of 1294847?
8
What is the thousands digit of 23050317?
0
What is the units digit of 25952881?
1
What is the ten thousands digit of 275017?
7
What is the ten millions digit of 31644849?
3
What is the tens digit of 872?
7
What is the thousands digit of 4773088?
3
What is the millions digit of 1993536?
1
What is the ten thousands digit of 1551549?
5
What is the ten thousands digit of 121376?
2
What is the thousands digit of 14461572?
1
What is the millions digit of 14992874?
4
What is the thousands digit of 29125550?
5
What is the tens digit of 286081?
8
What is the hundred thousands digit of 955297?
9
What is the tens digit of 359567?
6
What is the units digit of 572990?
0
What is the units digit of 15403095?
5
What is the tens digit of 6376703?
0
What is the hundreds digit of 2984015?
0
What is the hundreds digit of 1878398?
3
What is the ten thousands digit of 398027?
9
What is the ten thousands digit of 580623?
8
What is the thousands digit of 3431264?
1
What is the millions digit of 1327052?
1
What is the tens digit of 8437758?
5
What is the units digit of 24493475?
5
What is the tens digit of 289622?
2
What is the tens digit of 4652008?
0
What is the hundreds digit of 3378520?
5
What is the hundreds digit of 118490?
4
What is the hundred thousands digit of 634824?
6
What is the millions digit of 5498939?
5
What is the hundreds digit of 216941?
9
What is the ten thousands digit of 436329?
3
What is the millions digit of 1249561?
1
What is the hundreds digit of 7